hat is the remainder when 35 - -1*(-1 - 0) is divided by g(o)?
10
Let v(c) = -c - 7. Let b be v(-7). Let m(g) = 3*g - 5*g + 0 - 3 + b*g. What is the remainder when 6 is divided by m(-3)?
0
Let f = 48 - 33. What is the remainder when 55 is divided by f?
10
Let o = 37 - 23. What is the remainder when o is divided by 5?
4
Let z = -4 - -7. Let b(n) be the third derivative of n**5/60 - n**4/12 + n**3/6 + 4*n**2 - 2. What is the remainder when 9 is divided by b(z)?
1
Let d(h) = -h**2 + 8*h - 7. Let o(q) = -19*q + 1. Calculate the remainder when o(-2) is divided by d(5).
7
Let j(r) = r + 7. Let i be j(-4). Calculate the remainder when 10 is divided by i*-1 - 7/(-1).
2
Suppose 7*w + 310 = 373. Let p(k) = -8*k. Calculate the remainder when p(-2) is divided by w.
7
Let n(d) = -d**3 + 4*d**2 + d - 7. Let x be n(3). Suppose -x*j + 38 = -3*k - 14, -k = -2*j + 21. What is the remainder when j is divided by 3?
2
Suppose -4 = -0*v - v. Suppose -2*a + 10 - 4 = 0. Suppose 5*p + 10 = 0, 2*d - a*p = p + 22. Calculate the remainder when d is divided by v.
3
Let y(a) = -2*a**3 - 5*a**2 - 2*a + 4. Let s be y(-4). Calculate the remainder when -4*(s/(-16) + 3) is divided by (-2)/(-3)*9/2.
0
Suppose 53 - 8 = 3*j. Suppose 12 = 2*n - 76. Calculate the remainder when n is divided by j.
14
Let m(b) = -b**2 - 11*b - 7. Let p = -7 - 2. Let j(h) = h - 5. What is the remainder when m(p) is divided by j(9)?
3
Suppose 5*y - 4*s = 440, 13 = -2*s + 3. What is the remainder when y is divided by 18?
12
Calculate the remainder when 76 is divided by (-2)/(-2) - 3 - -12.
6
Let n(z) = -1 + 3 + 8*z + 3 - 2*z**3 + 3*z**3 - 7*z**2. Let w be n(7). What is the remainder when 3/6 + w/2 is divided by 16?
15
Suppose 16 = 5*q + 51. Calculate the remainder when 12/20 + q/(-5) is divided by 1.
0
Suppose 3*m - 12 = -3*s - 3, -4*m + 6 = -2*s. What is the remainder when s is divided by 1/(-3) + (-8)/(-6)?
0
What is the remainder when (4/(-3))/(18/189)*-6 is divided by 23?
15
Let t(h) = -39*h + 5. What is the remainder when t(-2) is divided by 22?
17
Let h(u) = u**3 + 4*u**2 - 4*u - 5. What is the remainder when 21 is divided by h(-4)?
10
Let y(u) = 6*u**3 + 10*u**2 + 6*u + 9. Let c(a) = a**3 + 2*a**2 + a + 2. Let o(z) = -11*c(z) + 2*y(z). Calculate the remainder when 22 is divided by o(3).
6
Suppose -2*u = 4*o - 76, o + u = -0*u + 18. Suppose 3*v - 122 = -2*x, -5*x = -4*v + 19 + 113. Calculate the remainder when v is divided by o.
18
Let u be 1 + 0 + -5 + 7. Suppose u*j = 9 + 9. Calculate the remainder when j is divided by 3.
0
Let p = 25 - 6. Calculate the remainder when p is divided by 7.
5
Let h = -18 - -26. Let d(p) = p**3 + 4*p**2 + 2*p. What is the remainder when h is divided by d(-3)?
2
Let t = 0 - -4. Suppose 0 = -a + 2*c + 48, 5*a - 3*c - 225 = 2*c. Calculate the remainder when a is divided by (-2)/t*-11*4.
20
Suppose u = -m + 27, -2*m + 116 = -2*u + 6*u. Calculate the remainder when u is divided by (-17)/(-2 + (-1 - -2)).
14
Let j(o) = -o**3 - 2*o**2 - 2*o - 1. Let q be j(-2). Suppose q*x = x + 22. What is the remainder when 32 is divided by x?
10
Suppose 0 = 4*d - 26 - 18. Let v(s) = 9*s**2 + 2*s - 1. What is the remainder when v(-2) is divided by d?
9
Calculate the remainder when 14/(-21) + 77/3 is divided by 7.
4
Let c(z) = -3*z - 7. Let v(t) = -2*t - 6. Let h(n) = -6*c(n) + 7*v(n). What is the remainder when h(1) is divided by 2?
0
What is the remainder when 123 is divided by (-4)/6*150/(-4)?
23
Suppose -646 = -3*l - r, 7*l - 650 = 4*l + r. Suppose -h = 4*h - 4*z - 264, 4*h - 2*z = l. Let s = 4 + 15. Calculate the remainder when h is divided by s.
18
Let b(h) = h**3 - 5*h**2 - 5*h + 5. What is the remainder when 41 is divided by b(6)?
8
Let n(y) = -y**2 + 7*y - 2. Let p(m) = -m**2 - 6*m + 1. What is the remainder when n(5) is divided by p(-5)?
2
Let w(n) = -n**3 + 17*n**2 + 3*n - 26. What is the remainder when 99 is divided by w(17)?
24
Let z(y) = 10*y - 34. What is the remainder when 8 is divided by z(4)?
2
Calculate the remainder when 13 - 4 - (0 - 2) is divided by 4.
3
What is the remainder when 11 is divided by (-23)/(-7) - ((-25)/35 + 1)?
2
Suppose 25 = 5*a, 2*m + a = -13 + 30. Suppose m*c = 2*c + 108. Calculate the remainder when 106 is divided by c.
25
Suppose 21 = g + 1. What is the remainder when g is divided by 11?
9
Let o(q) be the third derivative of -q**5/60 + 3*q**4/8 - q**3/3 - 3*q**2. What is the remainder when 62 is divided by o(6)?
14
Let p(s) = -2*s + 21. What is the remainder when p(-9) is divided by 8?
7
Suppose -7 = l + 2*l - 5*p, 10 = 2*p. Calculate the remainder when 65 is divided by l.
5
Suppose o + 5 = 6*o. Let m(a) = 4*a**2 + a - 3. Calculate the remainder when m(-3) is divided by (o - 0) + (-14)/(-2).
6
Suppose -15 = u + 5*l, u - l = -0*u + 15. Calculate the remainder when 17 is divided by u.
7
Let j(q) = q + 32. Suppose 0 = -5*z + 78 + 97. What is the remainder when z is divided by j(-13)?
16
What is the remainder when (-2 - -4*(26 - 3)) + -3 is divided by 10?
7
Suppose 3*i = -2*s + 20, -i - s = -2*i. Suppose -75 = -i*v + 5. Calculate the remainder when v is divided by 7.
6
Let x = 169 - 75. Calculate the remainder when x is divided by 16.
14
Let j(w) = -w**2 - 23*w - 18. Calculate the remainder when 45 is divided by j(-21).
21
Let h be 4/(-12)*(-6 + 0). Let f be 4/h + -2 - 1. What is the remainder when (68 - f)*2/6 is divided by 12?
11
Let d = 5 + -2. Suppose 3 = 3*n + 3*h - 9, d*n - 3*h = 36. Suppose 42 - 8 = 2*w + 3*j, j = 3*w - 73. What is the remainder when w is divided by n?
7
Suppose -9 = -3*v, -3*v - 73 = -2*g + 2*v. Let j be ((-15)/(-10))/((-1)/(-2)). Calculate the remainder when g is divided by (j/(-9))/(1/(-69)).
21
Suppose c = 2, -5*s + c = 6*c - 555. Suppose j - s = -5*f, -3*f - j = 3*j - 79. Calculate the remainder when f is divided by 11.
10
Suppose 3*s + s - 44 = 0. Let l = 14 + -9. Suppose -l*w = 0, 0*a - 16 = -4*a - 2*w. Calculate the remainder when s is divided by a.
3
Suppose 0 = -c - 2, 111 = 4*v + 5*c - 19. Suppose -4*m + 93 = -4*t - 3, -t + 5*m - 4 = 0. Let i = -17 - t. Calculate the remainder when v is divided by i.
11
Calculate the remainder when 2/(-2) + (-3 - -4) + 202 is divided by 7.
6
What is the remainder when 64 is divided by 6*(22/4 - 0)?
31
Let d(q) = -9 + 3*q**2 - 2*q**2 + 16 + 4*q. Let v be -2 - (2 + (-1 - -2)). What is the remainder when 21 is divided by d(v)?
9
Let q(g) = g**2 + 2*g + 14. What is the remainder when 54 is divided by q(0)?
12
Let j be ((-4)/(-3))/(12/18). Suppose j*d = -d + 54. Calculate the remainder when 69 is divided by d.
15
Suppose -2*c + 6*y - y + 77 = 0, -106 = -3*c - 2*y. Let d = -5 + 23. Let z = 31 - d. Calculate the remainder when c is divided by z.
10
Let c be 0 - (-1 - -1) - 0. Suppose -29 = -2*t - 3*v, c = -5*t - 10*v + 5*v + 65. What is the remainder when t is divided by (-182)/(-49) + -3*8/(-84)?
2
Suppose -4*w = -12, -n - 2 + 22 = -2*w. What is the remainder when 100 is divided by n?
22
Let g = -113 - -59. Let p = -29 - g. What is the remainder when 74 is divided by p?
24
Let l(q) = -q**3 + 6*q**2 - 4*q - 2. Suppose -4*j + 3*t = -33 - 5, 5*j = -5*t + 30. What is the remainder when j is divided by l(5)?
2
Suppose 2*i - 87 = -3*z, -7*i + 3*i = 5*z - 171. Let g = 32 - 18. Calculate the remainder when i is divided by g.
11
Suppose u + 2*t + 0*t = 142, -586 = -4*u - 2*t. What is the remainder when u is divided by 15?
13
Suppose -7 = -5*q - 2. Let n be (-6)/(0 - (q + 1)). Suppose -n*v = -2*r, -r - 4*v = r - 28. What is the remainder when 15 is divided by r?
3
Suppose -4*c + 4*b = 28, -5*c = 2*b + 3 + 18. Calculate the remainder when 12 is divided by (-3)/c + (-416)/(-65).
5
Let q be (21/(-2))/7*-2. What is the remainder when -12*(q + (-33)/4) is divided by 33?
30
Let y(r) = r**2 + 3*r - 7. Let o = -271 - -273. Calculate the remainder when y(-5) is divided by o.
1
Let t(m) = -m**2 - 10*m - 3. What is the remainder when t(-6) is divided by 14?
7
Let m be 1/(-2)*-1*114. What is the remainder when 55 is divided by m/12*(3 - -1)?
17
Suppose 0 = 3*d - 5*u + 5, -2*u = -d + 6*d - 33. Calculate the remainder when d is divided by 3.
2
Calculate the remainder when 23 + 3/(-1 - -2) is divided by 7.
5
Let y(f) = 2*f**3 - 3*f - 4. Let v be y(3). Suppose -2*b + v = -5*z, -b + 30 = -5*z - 3. What is the rem